se 2*m = -5*h + 175, -3 = -h - 2. Calculate the remainder when m is divided by 8.
5
Suppose m = 27*z - 31*z + 69, -5*m = -z - 240. What is the remainder when m is divided by 17?
15
Suppose -7*i + 3335 = 1718. What is the remainder when i is divided by 9?
6
Suppose 11 = -5*c - 4, 4*c = -4*k + 8. Suppose -2*q + 91 = -5*l, 5 = l + 2. What is the remainder when q is divided by k?
3
Let r(g) = 2*g**2 + 11*g - 73. What is the remainder when r(6) is divided by 24?
17
Suppose -5*w - 5*n = -270, -16*n + 21*n = -w + 38. What is the remainder when w is divided by 5?
3
Let k = -390 - -461. Calculate the remainder when k is divided by 12.
11
Let f(a) = -a**3 + 7*a**2 + 2*a - 11. Let m be f(7). Suppose -o + 11 + m = -3*l, 0 = -5*o + l + 42. Calculate the remainder when 28 is divided by o.
4
Suppose 4*q - 55 = 3*a, -q - 31 = -3*q + 5*a. Calculate the remainder when q is divided by 7.
6
Suppose 18*a - 147 = 11*a. Suppose 4*s - 125 = 5*x - a, -88 = -4*s + x. Calculate the remainder when s is divided by 12.
9
Calculate the remainder when 81 is divided by 34 - ((-10)/15)/((-2)/(-6)).
9
Let m be (-139884)/60 - 4/(-10). Let w = -1359 - m. Calculate the remainder when 35 is divided by (2/6)/(18/w).
17
Let w = -5 + 2. What is the remainder when (-75)/6*(-28)/10 is divided by 2/w + (-59)/(-3)?
16
Calculate the remainder when 19 is divided by (0 + (-1 - 5))*(-5)/2.
4
Let k(h) be the first derivative of 3*h**2/2 - 7*h - 7. Let j be k(3). Suppose 4*a + o = -2*o + 3, j*a - 15 = 3*o. What is the remainder when 6 is divided by a?
0
Suppose -26*x = -65*x + 585. Suppose -24 = 3*h + 9. Let w = 18 - h. Calculate the remainder when w is divided by x.
14
Let y = -8 + 4. Let h = y - -9. Suppose -4*s = 5*j - 62 - 28, 0 = -h*j - 2*s + 80. Calculate the remainder when j is divided by 5.
4
Suppose 2*a + 3 = -3*o, -3*a - 4*o - 2 - 1 = 0. Calculate the remainder when 117 is divided by (-4 + a + 2/4)*-40.
17
Suppose -n - 18 = -16, l = 3*n + 187. Calculate the remainder when l is divided by 13.
12
Let z(n) = 9*n**2 + 2*n - 4. What is the remainder when z(2) is divided by 10?
6
Let k = -39 + 19. Let i = k + 37. What is the remainder when 83 is divided by i?
15
Suppose 0 = 13*k - 3*k - 1030. Suppose -3*l + k = -2*g + 20, 5*l = 3*g + 138. Let f(c) = -4*c - 6. Calculate the remainder when l is divided by f(-4).
7
Suppose 41 = -2*s + 3*t + 127, -s + 5*t = -29. Suppose 2*m - 13 = 13. Calculate the remainder when s is divided by m.
10
Let y(c) = -c**3 - 24*c**2 + c + 54. Calculate the remainder when 52 is divided by y(-24).
22
Let n(b) = -b**3 - 9*b**2 + 2*b - 16. Suppose 6 = -5*z + 101. Calculate the remainder when n(-10) is divided by z.
7
Suppose -36*h + 26*h + 760 = 0. Calculate the remainder when h is divided by 20.
16
Suppose -3*u + 5*x + 30 = 0, -2*u - 45 = -6*u + 5*x. Suppose -17*l - 24 = -23*l. Calculate the remainder when u is divided by l.
3
Let u = -56 - -68. Let v = 137 - 92. Let a = v - u. What is the remainder when a is divided by 12?
9
Suppose 1239*k + 119 = 1246*k. Let c(d) = -6*d + 1. Calculate the remainder when k is divided by c(-1).
3
Let n = 11 - 18. Let m(g) = -g**2 - 6*g. Let h be m(n). Let a = 31 + h. Calculate the remainder when 70 is divided by a.
22
Suppose -3*v - 2*k = 3 + 5, 3*k = 2*v + 1. Suppose 0 = 3*r - 3*z - 42, -2*z + 40 = 5*r + 3*z. Calculate the remainder when r is divided by (63/45)/(v/(-10)).
4
Let v(h) = 3*h**2 - 9*h - 80. Calculate the remainder when 61 is divided by v(-5).
21
What is the remainder when 140 is divided by (-76480)/(-1216) + (-2)/(-19)?
14
Let v(l) = l**2 - 13*l + 53. Suppose 2*s = 10 + 54. Calculate the remainder when s is divided by v(6).
10
Suppose -2143 = -11*t + 398. Calculate the remainder when t is divided by 47.
43
Calculate the remainder when ((-20)/(-16) + (-1)/4)*159 is divided by 5.
4
Suppose 2*l + 522 = 5*l. Suppose -6*j + l = 54. Let u = 108 - 49. Calculate the remainder when u is divided by j.
19
Let l(w) = -67*w - 669. What is the remainder when 472 is divided by l(-11)?
64
Suppose -14*b + 9*b + 91 = 2*w, 0 = -5*w + 2*b + 271. Calculate the remainder when 208 is divided by w.
49
Let l be 12*(-1 + (-20)/(-15)). Suppose -4*j = l*m - 204, 0 = -0*m + m - 4*j - 46. Calculate the remainder when m is divided by 13.
11
Suppose -5*u + 4*a + 136 = -69, 205 = 4*u + 5*a. Calculate the remainder when u is divided by 13.
6
Let n = -171 + 182. What is the remainder when n is divided by 3?
2
Suppose -274*a = -238*a - 2664. What is the remainder when a is divided by 29?
16
Let s = 2111 - 2057. Calculate the remainder when 157 is divided by s.
49
Calculate the remainder when 436 is divided by ((-82)/(-14) - 3)/(6/84).
36
Suppose -3*f - o + 34 = 0, -9 + 3 = 3*o. Suppose -4*s + 5 = 3*u - 22, 3*u - f = s. Suppose u = -2*r + 59. Calculate the remainder when r is divided by 15.
12
Suppose 2*z + 2*z + 4*x = 1576, 1581 = 4*z + 5*x. What is the remainder when z is divided by 23?
21
Suppose -1006 + 324 = -4*v + 2*i, -2*v - 4*i = -366. Calculate the remainder when v is divided by 89.
84
Suppose -1056 = -26*s - 18*s. What is the remainder when s is divided by (13/(-2))/((-2)/4)?
11
Suppose q = -4*r + 375, 5*q - 3*r - 506 = 1277. Calculate the remainder when q is divided by 19.
17
Let f = 35 + -33. Suppose -f*m - 4 = -t, t - 5*m = -t + 8. Calculate the remainder when t is divided by 3.
1
Suppose 5*m = 111 + 69. Suppose -63 = -4*c - 15. Suppose 2*d - 4*d - 5*k + 23 = 0, c = -4*k. Calculate the remainder when m is divided by d.
17
Suppose -42 = 5*n - 27, 2*n - 80 = -2*r. What is the remainder when 1245 is divided by r?
41
Suppose 8*f - 4*f - 119 = -5*b, -3*b + f = -85. What is the remainder when b is divided by 20?
7
Suppose 3*o + 261 = -3*x, -2*o - 4*x - 435 = 3*o. Let i be o*(-5)/((-45)/(-6)). Let j = i - 31. What is the remainder when 79 is divided by j?
25
Calculate the remainder when ((-126)/5)/(12*9/(-360)) is divided by 14.
0
Let m be 2/(-11) - (-8)/44. Suppose -z + 1 + 16 = m. Suppose -2*o = 5*t + 8, -2*o + 6 + 10 = -t. What is the remainder when z is divided by o?
5
Let i = 4 - 7. Let x = -31 + 15. What is the remainder when 47 is divided by (x/i)/((-1)/(-3))?
15
Let f = -2 + 4. Suppose 0 = -4*s - g + 38, -3 = f*s + 4*g - 15. Suppose -5*p + 45 + 86 = 3*k, p - 34 = 2*k. Calculate the remainder when p is divided by s.
8
Let i(x) = 4*x**2 - 18*x + 69. Calculate the remainder when 99 is divided by i(4).
38
Calculate the remainder when 303 is divided by 46*1 - (60/(-1))/10.
43
Suppose -18*m + 798 = -156. What is the remainder when m is divided by 30?
23
Let l(y) = -97*y + 602. Calculate the remainder when 36 - (1 - -1 - 1) is divided by l(6).
15
What is the remainder when 65 - ((0 - 5) + 21/7) is divided by 23 - 1/2*0?
21
Suppose 0 = -4*s + 670 + 1718. Calculate the remainder when s is divided by 75.
72
Calculate the remainder when (-23)/(-138) + 32125/30 is divided by 8.
7
Let j(f) = f**3 + 7*f**2 - 7*f - 1. Let b be j(-8). Calculate the remainder when ((-1)/2)/(b/306) is divided by 11.
6
What is the remainder when (-30)/5 + 4 - -2233 is divided by 172?
167
Let o = 21 + 19. Suppose -51 = -y - 2*s, 3*y - 108 - o = -s. Calculate the remainder when y is divided by 17.
15
Suppose -164 = -3*x - 3*j - 11, 2*x - 90 = 2*j. Calculate the remainder when 94 is divided by x.
46
Calculate the remainder when -3*(1 + 202/(-6)) is divided by 25.
23
Suppose 3*t - 2651 = -4*c, 2*t - 4*c = -0*t + 1754. Calculate the remainder when t is divided by 21.
20
Let z = 253 - 189. Calculate the remainder when z is divided by (-2)/4 - (-45)/2.
20
Suppose u = -2*i + 18, -3 = 2*i - 2*u - 9. What is the remainder when 121 is divided by i?
2
Let n(a) = 10*a**2 - 5*a - 5. Let y be n(-4). Let w = -149 + 31. Let j = w + y. Calculate the remainder when j is divided by 20.
17
Let t(c) = c**2 - 59*c + 234. Let v(a) = 4*a**3 - 3*a**2 - 3*a - 3. Calculate the remainder when v(3) is divided by t(4).
13
Let i(a) = -a**2 - 14*a + 2. What is the remainder when 711 is divided by i(-7)?
48
Let x = -439 + 652. Calculate the remainder when x is divided by 27.
24
Let t = 91 + -88. Let h(z) = 7*z**3 - 5*z**2 + 3*z + 5. Calculate the remainder when h(t) is divided by 32.
30
Let o = 12 + -10. Suppose -2*i = -v + 17, 7*v - 4*i - 97 = o*v. Calculate the remainder when 40 is divided by v.
19
Let j =